mber?
False
Is 278316287 a prime number?
True
Is 2696764279 prime?
False
Is 9854304341 composite?
True
Is 738558281 prime?
False
Is 270443202233 a composite number?
False
Is 63970933 prime?
False
Is 4225396103 a composite number?
False
Is 1786873301 a composite number?
True
Is 2481197191 a composite number?
True
Is 70419127 prime?
True
Is 778392262 prime?
False
Is 587738857 prime?
True
Is 30345707429 prime?
True
Is 76586943233 composite?
True
Is 52550555938 a composite number?
True
Is 722689937 prime?
True
Is 182323787 a composite number?
True
Is 15003213563 composite?
True
Is 1883601481 prime?
False
Is 1743294769 a prime number?
True
Is 4136090831 composite?
False
Is 1938153823 a composite number?
True
Is 6497909333 a prime number?
True
Is 2591311157 composite?
True
Is 21216997229 prime?
False
Is 3899357263 composite?
True
Is 2538311597 prime?
True
Is 25615150069 composite?
True
Is 460062739 a composite number?
False
Is 22957178869 a composite number?
True
Is 62577587 prime?
True
Is 68132111 prime?
False
Is 3486692947 composite?
False
Is 2969219177 prime?
True
Is 13778188283 prime?
True
Is 215285459 a composite number?
True
Is 6752716447 a prime number?
True
Is 1895461537 composite?
True
Is 4205051771 a prime number?
True
Is 591965243 prime?
False
Is 23253242431 a prime number?
False
Is 1355062738 prime?
False
Is 8152163177 composite?
False
Is 2125837177 prime?
True
Is 8054873339 a composite number?
False
Is 937589321 a prime number?
False
Is 2538965027 a composite number?
True
Is 30229160491 a composite number?
True
Is 90422476121 a prime number?
False
Is 35352667457 a composite number?
True
Is 8584801 composite?
True
Is 31298338051 composite?
True
Is 43891501145 prime?
False
Is 27680695657 a composite number?
True
Is 10093436429 composite?
False
Is 9785306711 a prime number?
True
Is 21989689399 composite?
False
Is 2696113067 prime?
True
Is 3339740669 prime?
True
Is 2696514523 composite?
True
Is 3225121349 a composite number?
True
Is 1770714241 a prime number?
True
Is 140272577 prime?
True
Is 8721221885 composite?
True
Is 22834585199 a composite number?
False
Is 1061910089 prime?
True
Is 1541354642 a prime number?
False
Is 13601541287 prime?
True
Is 115994629 composite?
False
Is 2919396443 composite?
False
Is 8872161 a prime number?
False
Is 4819848259 a composite number?
False
Is 245633099 composite?
False
Is 1274273907 prime?
False
Is 25886347 prime?
False
Is 497439577 prime?
True
Is 56285339 a composite number?
True
Is 5590756562 a prime number?
False
Is 12612362242 a prime number?
False
Is 1930506449 a composite number?
True
Is 18607734317 prime?
False
Is 6447534283 a prime number?
False
Is 617281667 a prime number?
True
Is 118761170891 prime?
False
Is 180264179705 prime?
False
Is 42048454495 a prime number?
False
Is 50855629 a composite number?
True
Is 1648056197 composite?
False
Is 2189057599 a prime number?
False
Is 128000843821 a composite number?
True
Is 53320331269 a composite number?
True
Is 541320361 prime?
True
Is 94290983 prime?
True
Is 10675395638 composite?
True
Is 472070111 composite?
False
Is 2365555357 a composite number?
True
Is 232944727 a composite number?
True
Is 7344332083 a prime number?
False
Is 2852582417 a composite number?
True
Is 140542799 prime?
True
Is 2490364673 composite?
True
Is 173089613 a prime number?
False
Is 86318092207 a prime number?
False
Is 12747406127 a composite number?
True
Is 10247778031 a composite number?
False
Is 773367541 a prime number?
False
Is 778880587 composite?
False
Is 65061298559 a prime number?
False
Is 9334507993 a composite number?
False
Is 2374154026 composite?
True
Is 146610419 composite?
False
Is 477445577 a composite number?
True
Is 116382184901 a prime number?
False
Is 1269433723 composite?
False
Is 11680204187 a composite number?
False
Is 22680674735 a prime number?
False
Is 18154025086 a composite number?
True
Is 4688407805 prime?
False
Is 5128031698 a composite number?
True
Is 264806933 composite?
True
Is 569569123 a composite number?
True
Is 9857474873 composite?
True
Is 10918706831 prime?
False
Is 36921037 composite?
False
Is 751883821 a composite number?
True
Is 36141053153 a composite number?
False
Is 2888715883 a composite number?
True
Is 702064733 composite?
False
Is 782495713 a prime number?
True
Is 588230689 a prime number?
False
Is 3728665823 prime?
False
Is 188799277 a prime number?
True
Is 839886401 a prime number?
False
Is 5626460701 composite?
False
Is 54215738099 a prime number?
True
Is 151852194987 prime?
False
Is 8186901671 prime?
False
Is 366849272587 composite?
True
Is 3243896063 composite?
False
Is 55487963 prime?
True
Is 1804771897 composite?
False
Is 1349047409 composite?
False
Is 17082392465 composite?
True
Is 169929650831 a composite number?
True
Is 78539592071 prime?
False
Is 1740332739 composite?
True
Is 10827811311 a prime number?
False
Is 482513497 a prime number?
False
Is 5600388779 a composite number?
False
Is 72831656399 prime?
True
Is 37546895501 prime?
True
Is 894645538 composite?
True
Is 78802030393 a composite number?
False
Is 116020199 prime?
True
Is 43109776399 prime?
True
Is 44760515783 a prime number?
True
Is 13984770587 composite?
False
Is 882446623 composite?
False
Is 165871417 a composite number?
False
Is 24480804203 a prime number?
False
Is 94151752481 a prime number?
False
Is 3281096387 a composite number?
True
Is 138468866593 prime?
True
Is 29823942737 prime?
True
Is 12313085053 a prime number?
True
Is 1160310913 prime?
True
Is 9351601163 a composite number?
False
Is 29871455311 a prime number?
False
Is 15565588547 composite?
True
Is 26646503593 composite?
False
Is 111373837693 a composite number?
False
Is 60262394747 prime?
False
Is 8723990003 composite?
False
Is 7635976099 composite?
True
Is 31209241367 composite?
True
Is 11831937973 a composite number?
True
Is 15964698707 prime?
True
Is 2014714901 a prime number?
False
Is 137019688093 a composite number?
True
Is 347102933 a prime number?
False
Is 32804085935 composite?
True
Is 5354801215 prime?
False
Is 638168381 a prime number?
True
Is 2054426117 a prime number?
True
Is 9127099781 a composite number?
False
Is 18797337473 composite?
False
Is 1060558729 a composite number?
True
Is 66467263045 a composite number?
True
Is 1517194723 a composite number?
True
Is 292048367 a prime number?
False
Is 25719028091 composite?
True
Is 3715830322 a prime number?
False
Is 277545559717 a prime number?
True
Is 6165431401 a prime number?
False
Is 35281397023 prime?
True
Is 39539379983 a prime number?
False
Is 1012827327 a prime number?
False
Is 182178257 composite?
False
Is 33796597369 composite?
False
Is 2196182639 a composite number?
True
Is 14302682483 composite?
True
Is 510218887 composite?
True
Is 53640342337 a composite number?
True
Is 964323757 a composite number?
True
Is 154022179417 a composite number?
True
Is 19314130193 a prime number?
False
Is 10935439921 a prime number?
False
Is 15622895051 a prime number?
False
Is 36835917983 a composite number?
True
Is 9277150133 prime?
True
Is 1935205007 a prime number?
True
Is 1004977507 composite?
True
Is 9696997379 a composite number?
False
Is 52229681443 composite?
False
Is 30514592651 a prime number?
True
Is 111858868673 composite?
False
Is 18767911853 prime?
False
Is 893803489 a composite number?
False
Is 11029793147 a prime number?
False
Is 25924941593 a composite number?
True
Is 970562501 prime?
False
Is 41961886801 prime?
True
Is 30773257 a composite number?
True
Is 11519333863 a prime number?
False
Is 71567692337 prime?
True
Is 7813336103 a prime number?
True
Is 108027405631 composite?
True
Is 33145221737 a composite number?
True
Is 3011648273 a prime number?
False
Is 6169278685 composite?
True
Is 5750140667 composite?
False
Is 128768177 a composite number?
True
Is 31404953597 a prime number?
True
Is 18511907261 prime?
False
Is 171743371 a prime number?
False
Is 82070937335 prime?
False
Is 297033421889 composite?
True
Is 1245930107 a prime number?
True
Is 53438943317 prime?
False
Is 30331331 a prime number?
False
Is 8526515077 prime?
False
Is 24540241043 a composite number?
True
Is 239844859 a prime number?
True
Is 4538098661 prime?
True
Is 9079721221 a composite number?
False
Is 11655181007 a composite number?
False
Is 133471697